on factor of 26 and i.
13
Suppose 3*g + r = 4, 2*g - 7 = -2*r - 11. Suppose -5*n + z = 3 - 60, -g*z = 2*n - 33. What is the greatest common factor of 78 and n?
6
Let a = 61 - 47. Calculate the greatest common factor of a and 4.
2
Suppose 0 = 16*n - 27*n + 121. Let w(s) = -2*s**3 - 3*s**2 - 3*s + 1. Let c be w(-3). Suppose 4*i - c = 7. What is the highest common divisor of i and n?
11
Let k = 7 - 4. Suppose -4 = -k*j + 4*h + 10, 5*h + 16 = 3*j. Let m be (-1)/((-36)/40 + (-16)/160). What is the greatest common factor of j and m?
1
Suppose -4*n + 333 + 19 = 0. Suppose 0*i - 2*d - n = -4*i, 92 = 4*i - 4*d. Calculate the greatest common factor of i and 3.
3
Let a be -7 + (-14)/(-7) + 11. Calculate the highest common factor of a and 2094.
6
Let c(g) = 8*g - 4. Let l be c(2). Suppose k - l = -3*k. Suppose k - 38 = -5*p. What is the highest common factor of 42 and p?
7
Suppose 119*i - 93*i - 1274 = 0. What is the greatest common divisor of 1 and i?
1
Suppose 8*n + 18*n = 14274. Calculate the highest common divisor of n and 61.
61
Suppose 0 = -r - 2*p + 19 + 69, 3*p = 2*r - 169. What is the greatest common factor of r and 2?
2
Let w be 184/44 + (-10)/55. Suppose 2*q + w*a - 22 = 0, 2*q - q = -5*a + 5. Calculate the greatest common factor of 75 and q.
15
Let d = -1116 + 1340. Let g(h) = h**3 - 11*h**2 + 11*h + 4. Let o be g(10). What is the highest common factor of o and d?
14
Let s = 121 + -115. Let c(j) = -j**2 + 12*j + 3. Let o be c(s). Calculate the highest common divisor of 195 and o.
39
Let u = -285 - -300. Calculate the greatest common divisor of u and 435.
15
Let i = -127 + 156. Let h = 53 - i. What is the highest common divisor of 16 and h?
8
Let o = 53 - -12. Suppose -2*p = 2*p + 20, p - 3 = 4*f. Let x be (f/(6/13))/((-33)/99). What is the highest common divisor of o and x?
13
Suppose 0 = -n + 8*n + 91. Let w(f) = -f**3 - 13*f**2 - 14*f + 4. Let t be w(n). What is the greatest common divisor of t and 31?
31
Suppose 0 = -7*m + 4*m - 6. Let t(p) = 14*p**3 + p**2 + 3*p + 2. Let k be t(m). Let l = k + 187. What is the greatest common factor of 50 and l?
25
Suppose 6 + 0 = 2*v. Suppose -5*k + 2*a + 168 = 0, -77 + 216 = 4*k + v*a. Let d = -69 + 120. Calculate the highest common factor of d and k.
17
Suppose 82*n = 122*n - 2680. Calculate the highest common divisor of 1474 and n.
67
Suppose 3*q - 155 = -0*o - 5*o, o = -4*q + 31. Let r(z) = 22*z + 18. Let p be r(2). What is the highest common divisor of o and p?
31
Let h(p) = -p**3 - 22*p**2 + 20*p - 53. Let l be h(-23). Calculate the greatest common factor of l and 176.
16
Let u = 32 - 16. Suppose -5*x + 692 = -2*l, x = l + 358 - 15. Let d = l - -485. Calculate the highest common factor of d and u.
16
Suppose 2*q - 5*y - 115 = 0, q - 3*y + 41 = 2*q. What is the highest common divisor of 2 and q?
2
Let w be (-2)/(6/(-1))*-3. Let h be (3/w)/((-24)/32). Suppose -q - h*q + 4*m + 429 = 0, -4*q = 3*m - 337. What is the greatest common factor of 17 and q?
17
Suppose 3 = -i, -5*j = -3*j - 4*i - 48. Let t be 2/(-4) + 189/j. Let p be (-99)/3*(-30)/9. What is the highest common factor of p and t?
10
Let y(o) = o + 78. Let t be y(0). Suppose 0 = -14*a + 11*a + t. What is the greatest common factor of a and 130?
26
Let f(s) = 134*s - 41. Let b be f(1). What is the highest common divisor of 3 and b?
3
Suppose t - 3*c = -3*t + 2, -2 = -2*t + c. Suppose -2*l - t = -310. Let g(a) = -6*a + 50. Let y be g(6). Calculate the greatest common factor of l and y.
14
Let r be 6/(-4)*-1*2. Suppose -15 - 33 = -r*k. Calculate the greatest common factor of k and 2.
2
Let k = -237 - -362. Calculate the greatest common factor of k and 50.
25
Suppose 5*r + 4*n - 123 = -87, 4 = 2*r - n. Calculate the highest common factor of 101 and r.
1
Let g be (-2)/(-6) - 4/(-6). Let o be 50 + (g - (2 - -1)). Let w(p) = p**3 + 14*p**2 + 11*p - 14. Let y be w(-13). What is the highest common factor of o and y?
12
Suppose t + 332 = 338. Suppose 0 = -4*m + 75 - 27. What is the highest common factor of t and m?
6
Let q = 216 - 104. Let s = 422 + -408. Calculate the highest common factor of q and s.
14
Suppose -2*y - 202 = -5*b + 2*y, -82 = -2*b + y. Let a = -18 + b. Suppose -18*t = -28*t + 60. Calculate the highest common divisor of a and t.
6
Let m(t) = t + 10. Let o be m(-7). Let n be 5/10*2*-1. Let f be 2/(n + (-11)/(-9)). Calculate the highest common factor of o and f.
3
Let p = 492 - 459. Suppose 2*t + 2*z = -8, -2*t = -4*t + 5*z + 6. Let f be 21/(-14) - 47/t. Calculate the highest common factor of p and f.
11
Let v = 1102 - 1089. What is the greatest common factor of 1209 and v?
13
Let d = 257 + -234. What is the greatest common divisor of d and 115?
23
Let p(s) = s + 10. Let g(v) = 2*v - 6. Let j be g(0). Let o be p(j). Let n be 3*o + (-10)/5. Calculate the greatest common factor of 50 and n.
10
Let q = 356 - -79. Calculate the greatest common divisor of q and 348.
87
Let a(x) = 36*x**2 + 11*x + 43. Let q be a(-4). What is the highest common factor of q and 50?
25
Suppose -4*t + 128 = 5*w, t - 37 - 6 = -4*w. Calculate the highest common divisor of t and 243.
27
Suppose -5*r = -1690 + 465. Calculate the highest common divisor of 7 and r.
7
Let o = 10 - 14. Let g = o - -4. Suppose 0*y - 4*y + 12 = g. Calculate the highest common factor of y and 3.
3
Let g(l) = l**3 + 7*l**2 - 7*l - 10. Let h be g(-8). Let c = -16 - h. Let a be (0 - -14)*1/c. Calculate the highest common divisor of 1 and a.
1
Suppose 37 = 2*s + 2*k - 87, -4*k = 2*s - 122. What is the highest common factor of s and 63?
63
Let d = 5 - 6. Let b be 31 + ((-2)/d - 0). Let u = b + -18. Calculate the highest common divisor of u and 75.
15
Let s(f) = -f**2 - 37*f - 89. Let t be s(-34). What is the greatest common factor of 169 and t?
13
Suppose -3*o = 5*c - 6 - 19, -4*c + 20 = -4*o. Let m = 293 + -238. What is the greatest common divisor of m and c?
5
Let k(m) = 9*m**2 - 8*m - 113. Let q be k(9). What is the highest common factor of q and 136?
136
Let u = 48 - 15. Let v = -71 + 104. What is the highest common divisor of u and v?
33
Let j(c) = c**2 - 4*c + 5. Let r be j(5). Let h = 231 - 406. Let v be (h/21)/(-2 + (-10)/(-6)). What is the highest common divisor of r and v?
5
Let u(j) = -j**3 + 8*j**2 + j + 3. Let v be u(8). Let w = 4 + v. Suppose -2*c + 8 = 0, 4*i - 3*c + 5 = 17. Calculate the greatest common factor of w and i.
3
Suppose 5*c = t - 58, -13*c = 4*t - 9*c - 112. What is the greatest common factor of 209 and t?
11
Suppose 1 = 5*u - 2*c + c, -1 = -u + c. Suppose u = 5*m + w - 1224 + 415, 2*m = 2*w + 314. What is the greatest common divisor of 46 and m?
23
Let t be (-14 - -1)/(1/(-3)). Let z be (-3)/(-6)*106 + (1 - -3). Let f = z - t. Calculate the greatest common divisor of 2 and f.
2
Let p(f) = -2*f + 30. Let k be p(14). Let m be 1/3*0 - (k + -36). Calculate the greatest common factor of m and 17.
17
Let w be -1 - (-1 + 0/4). Let m(b) = b**2 + b + 304. Let s be m(w). Suppose 3*g + s = 1006. Calculate the greatest common divisor of g and 26.
26
Let d(k) = k + 2. Let i be d(3). Let x = i - 3. What is the highest common factor of 10 and x?
2
Suppose 5*w + 99 - 479 = 0. Let j be w/12 - (-1)/(-3). Calculate the greatest common divisor of 15 and j.
3
Let y = 47 - -61. Calculate the highest common factor of 180 and y.
36
Let i(w) = w**2 - 3*w - 34. Let r be i(-7). Let a = 40 + -22. What is the greatest common divisor of r and a?
18
Let z = -32 - -58. Let s(m) = 2*m**3 + m - 1. Let l be s(1). Calculate the highest common factor of z and l.
2
Let p = 5 + 3. Suppose 3*z - 15 = -i - 3, 0 = 4*i - 4*z + 32. Let f be (-56)/(-21)*1/(i/(-18)). Calculate the greatest common divisor of f and p.
8
Suppose 3*b + b - 88 = 0. Let r = -773 + 817. Calculate the greatest common factor of r and b.
22
Suppose 0 = -2*q + 5 + 11. Suppose -q*y + 88 = -4*y. Let c = 57 - y. What is the highest common divisor of 14 and c?
7
Let i(j) = 3*j**3 + 15*j**2 - 7*j - 9. Let w be i(-5). Calculate the highest common divisor of 39 and w.
13
Suppose -2*d - 4*t + 170 = 0, -2*t = -0*d - d + 77. Suppose -4*o + d = 21. Calculate the greatest common factor of 165 and o.
15
Let h = -4 - -1. Let o(c) = -5*c - 8. Let b be o(h). What is the greatest common factor of b and 28?
7
Suppose -12 = -4*l - r - 2*r, 3*l + 5*r = 9. Su